3 a factor of 243009?
True
Is 100 a factor of 358500?
True
Is 104 a factor of 78936?
True
Is 69558 a multiple of 105?
False
Does 15 divide 464385?
True
Does 199 divide 457501?
True
Does 507 divide 7378371?
True
Does 664 divide 1349968?
False
Is 58785 a multiple of 86?
False
Is 69 a factor of 9690567?
True
Is 85410 a multiple of 6?
True
Is 223 a factor of 2917063?
True
Is 3295152 a multiple of 49?
True
Is 7 a factor of 13447?
True
Is 9 a factor of 445274?
False
Is 21 a factor of 741468?
True
Is 4 a factor of 1105056?
True
Is 529856 a multiple of 64?
True
Is 594225 a multiple of 139?
True
Is 509 a factor of 706843?
False
Does 398 divide 1799561?
False
Is 12 a factor of 207541?
False
Does 333 divide 409923?
True
Is 52 a factor of 49296?
True
Does 94 divide 579228?
True
Is 5125071 a multiple of 52?
False
Is 317854 a multiple of 25?
False
Is 13 a factor of 10127275?
False
Does 45 divide 236070?
True
Is 30022 a multiple of 17?
True
Is 256 a factor of 4368896?
True
Is 5 a factor of 83333?
False
Does 23 divide 270986?
True
Is 16 a factor of 1751378?
False
Is 1122 a factor of 5248716?
True
Does 22 divide 534667?
False
Is 10662245 a multiple of 520?
False
Is 41 a factor of 68754?
False
Is 26 a factor of 99598?
False
Does 37 divide 2404701?
False
Is 5 a factor of 1293?
False
Does 78 divide 481298?
False
Does 139 divide 135942?
True
Is 35 a factor of 316890?
True
Is 3247611 a multiple of 601?
False
Is 6 a factor of 9706?
False
Is 332904 a multiple of 22?
True
Is 1140 a multiple of 354?
False
Is 862433 a multiple of 13?
True
Does 45 divide 2141685?
True
Is 1262988 a multiple of 61?
False
Does 12 divide 7993380?
True
Is 36 a factor of 1348596?
True
Is 1086766 a multiple of 30?
False
Is 34 a factor of 6615723?
False
Is 5952 a multiple of 24?
True
Is 14 a factor of 2488803?
False
Is 249 a factor of 160854?
True
Is 1263136 a multiple of 451?
False
Does 36 divide 162571?
False
Is 8743356 a multiple of 146?
True
Is 427 a factor of 549135?
False
Is 8092 a multiple of 68?
True
Is 181 a factor of 7999100?
False
Does 946 divide 12662210?
True
Is 226 a factor of 359772?
False
Is 10290 a multiple of 3?
True
Is 33 a factor of 189626?
False
Is 210 a factor of 229530?
True
Does 40 divide 9715120?
True
Is 38 a factor of 534442?
False
Is 112 a factor of 657104?
True
Is 24 a factor of 67738?
False
Is 93 a factor of 2609913?
False
Is 1817949 a multiple of 58?
False
Is 16 a factor of 251216?
True
Is 4 a factor of 42564?
True
Is 94 a factor of 489364?
True
Does 3 divide 300693?
True
Does 355 divide 819695?
True
Is 496566 a multiple of 18?
True
Is 37 a factor of 200281?
True
Does 82 divide 63697?
False
Does 6 divide 8976?
True
Is 43 a factor of 247947?
False
Is 163 a factor of 4317934?
False
Is 4596174 a multiple of 616?
False
Does 118 divide 633181?
False
Is 10 a factor of 21283?
False
Does 9 divide 164619?
True
Does 18 divide 1037628?
True
Is 1915 a factor of 17681755?
False
Does 8 divide 195816?
True
Does 9 divide 587331?
True
Is 163025 a multiple of 26?
False
Is 12139830 a multiple of 18?
True
Is 14480 a multiple of 40?
True
Is 3 a factor of 222043?
False
Is 13489102 a multiple of 14?
False
Is 704960 a multiple of 53?
False
Is 65725 a multiple of 5?
True
Is 211296 a multiple of 31?
True
Is 17816064 a multiple of 56?
True
Is 186 a factor of 267899?
False
Is 6 a factor of 3454056?
True
Does 352 divide 4232448?
True
Does 3 divide 120319?
False
Is 58092 a multiple of 60?
False
Is 125 a factor of 1405500?
True
Does 10 divide 126767?
False
Does 4 divide 42372?
True
Does 133 divide 9190699?
True
Does 78 divide 19426546?
False
Does 649 divide 613954?
True
Does 19 divide 38560?
False
Is 446 a factor of 24199090?
False
Does 23 divide 2139023?
True
Is 3258242 a multiple of 226?
True
Is 9 a factor of 1173915?
True
Does 10 divide 3597?
False
Is 2776416 a multiple of 123?
False
Does 6 divide 2736972?
True
Is 253 a factor of 828997?
False
Is 6 a factor of 5068355?
False
Does 61 divide 338803?
False
Is 68 a factor of 4684774?
False
Is 33397 a multiple of 8?
False
Is 125080 a multiple of 4?
True
Does 217 divide 276267?
False
Is 19 a factor of 2594095?
False
Is 96484 a multiple of 20?
False
Is 7 a factor of 428260?
True
Is 3 a factor of 168835?
False
Does 35 divide 275205?
True
Does 12 divide 3547416?
True
Does 1678 divide 3298948?
True
Is 18509 a multiple of 15?
False
Is 3168176 a multiple of 47?
True
Is 6808915 a multiple of 21?
False
Does 9 divide 16259?
False
Is 786632 a multiple of 43?
False
Does 87 divide 894969?
True
Is 622548 a multiple of 2?
True
Is 436621 a multiple of 11?
False
Does 151 divide 268025?
True
Does 28 divide 107044?
True
Does 5 divide 1471940?
True
Is 601881 a multiple of 21?
True
Is 1971 a factor of 23376060?
True
Does 10 divide 3383410?
True
Is 1957458 a multiple of 248?
False
Does 9 divide 9370962?
True
Does 231 divide 7992831?
True
Does 17 divide 313089?
True
Is 197508 a multiple of 487?
False
Is 1322 a factor of 285552?
True
Is 193 a factor of 743117?
False
Does 11 divide 70785?
True
Does 6 divide 4942184?
False
Does 153 divide 5980284?
False
Does 43 divide 76328?
False
Is 8332142 a multiple of 91?
True
Does 585 divide 497355?
False
Does 75 divide 2291775?
True
Is 7330 a multiple of 13?
False
Is 275 a factor of 26793800?
True
Is 234576 a multiple of 162?
True
Is 6808813 a multiple of 212?
False
Does 361 divide 7166527?
False
Does 239 divide 428527?
True
Does 4 divide 5893?
False
Does 25 divide 1023464?
False
Does 11 divide 1701953?
True
Is 480236 a multiple of 306?
False
Does 18 divide 2321892?
True
Is 1046180 a multiple of 362?
True
Does 26 divide 4826536?
True
Is 140 a factor of 168567?
False
Is 1080548 a multiple of 19?
False
Is 14 a factor of 163946?
False
Is 52 a factor of 5092932?
True
Does 1221 divide 1527321?
False
Does 19 divide 1361901?
True
Does 38 divide 1248034?
True
Is 305 a factor of 686538?
False
Is 9 a factor of 166027?
False
Is 121 a factor of 44662?
False
Is 196 a factor of 829625?
False
Does 221 divide 1828823?
False
Does 103 divide 1406362?
True
Is 1213994 a multiple of 7?
False
Is 32 a factor of 8419578?
False
Is 867216 a multiple of 534?
True
Does 18 divide 67818?
False
Is 12 a factor of 2093196?
True
Is 64764 a multiple of 63?
True
Does 12 divide 61668?
True
Is 190 a factor of 1222244?
False
Is 25 a factor of 144218?
False
Is 2302911 a multiple of 84?
False
Is 667766 a multiple of 11?
True
Does 372 divide 2191452?
True
Does 17 divide 5167094?
False
Is 24 a factor of 9431?
False
Does 145 divide 68383?
False
Does 42 divide 1752937?
False
Does 777 divide 12779674?
False
Is 230 a factor of 18846673?
False
Does 57 divide 38308?
False
Does 13 divide 4795110?
False
Is 6 a factor of 265782?
True
Does 13 divide 477762?
False
Is 926400 a multiple of 160?
True
Is 8 a factor of 6796231?
False
Is 2862342 a multiple of 7?
True
Is 7 a factor of 12628?
True
Does 61 divide 827892?
True
Does 8 divide 650992?
True
Is 2 a factor of 2150?
True
Is 4 a factor of 194485?
False
Is 1497358 a multiple of 78?
False
Is 10 a factor of 1628125?
False
Is 64357 a multiple of 36?
False
Is 766583 a multiple of 9?
False
Does 7 divide 394282?
True
Does 289 divide 4999122?
True
Does 20 divide 11220?
True
Is 837 a factor of 6451596?
True
Is 56 a factor of 3564064?
True
Is 448410 a multiple of 30?
True
Is 2 a factor of 839116?
True
Is 346 a factor of 9421926?
True
Is 6 a factor of 15957?
False
Is 14 a factor of 2800392?
True
Is 118 a factor of 32413?
False
Is 119 a factor of 1084328?
True
Does 89 divide 789786?
True
Does 22 divide 3120139?
False
Is 259289 a multiple of 368?
False
Does 3 divide 610702?
False
Is 13 a factor of 3171062?
False
Does 52 divide 4259892?
True
Is 59 a factor of 8319?
True
Is 66 a factor of 643170?
True
Does 166 divide 26095?
False
Is 44493 a multiple of 48?
False
Does 18 divide 143001?
False
Is 34185 a multiple of 159?
True
Is 92 a factor of 105687?
False
Is 174 a factor of 167372?
False
Is 69387 a multiple of 10?
False
Is 33 a factor of 70607?
False
Is 640605 a multiple of 9?
False
Is 8472225 a multiple of 2075?
True
Is 973936 a multiple of 29?
True
Is 2949045 a multiple of 7?
False
Is 33590 a multiple of 10?
True
Is 1385083 a multiple of 23?
True
Is 105 a factor of 159075?
True
Does 202 divide 63103?
False
Is 4227156 a multiple of 123?
False
Is 49